et y(f) be the first derivative of 5/4*f**4 - f + 1/2*f**2 - 1/3*f**3 - 4. Determine y(1).
4
Suppose 3*f - 4*l + 23 = 0, -4*f = -11*l + 11 - 3. Let h(j) = -3*j - 48. What is h(f)?
-9
Let j(r) = r - 1. Let s(h) = h**3 + 5*h**2 + 3. Let i(a) = 2 - a - 5 - a + 2. Let p be i(-1). Let l(w) = p*s(w) - 4*j(w). Give l(-6).
-5
Let l(j) = 3*j - 3. Let i be l(2). Suppose -3*m + 12 = 4*r - 2*r, -i*m = -r - 3. Let x(z) = -2*z + 4. Calculate x(r).
-2
Let l be ((-1)/(-2) - -1)*(-56)/84. Let c(x) = 6*x**3 + x**2 + x. Determine c(l).
-6
Let b(c) = 12*c**2 - c. Let g be (114/285)/(-3 - (-17)/5). Calculate b(g).
11
Let k(i) = i**2 - 11*i + 23. Let h be k(3). Let q(v) = -8*v**2 + v + 1. Calculate q(h).
-8
Suppose -331 = -5*t - 376. Let x(m) = m + 2. Determine x(t).
-7
Suppose 6*d = 2*d + 4. Let k be -1 - 3/d - -12. Suppose -5*n - k = 17. Let l(r) = -r**3 - 4*r**2 + 2*r - 6. Give l(n).
9
Let r be ((-8)/(-10))/(18/45). Let t(z) = 64*z**3 + 4*z**2 - 38*z**3 - 2*z**r - 1. Determine t(1).
27
Let d(w) = w. Let n be 64/72*45/10. Give d(n).
4
Let r(h) = -6*h + 12. Let b be r(4). Let t(z) = -z**3 - 13*z**2 - 12*z + 2. Calculate t(b).
2
Let u(d) = d**2 - d + 1. Let l = 50 + -51. Let m(y) = -6*y**2 + 13*y - 8. Let o(v) = l*m(v) - 5*u(v). Give o(6).
-9
Let k(i) = i**3 - 4*i**2 + i + 4. Let g(u) = -2*u**2 - 11*u + 43. Let j be g(-8). Give k(j).
-2
Suppose 2*y = -5*y. Let u(t) = -2*t**2 + 2*t + 2. What is u(y)?
2
Let c be ((-14)/3)/((-6)/9). Let x(f) be the second derivative of f**4/12 - 7*f**3/6 + 5*f**2/2 + 399*f. Determine x(c).
5
Let z = 92 + -85. Suppose -10 = -z*o + 2*o. Let k(v) = 2*v + 1. Calculate k(o).
5
Let s(v) = v**3 - 14*v**2 + 14*v - 16. Let i = -290 - -303. Determine s(i).
-3
Let t(j) = -j**2 - 11*j - 13. Let r be t(-9). Let u = r - 3. Let l(n) = 2*n**3 - 3*n**2. Give l(u).
4
Let t(s) = 9*s + 89. Let y(a) = a + 10. Let p(m) = 2*t(m) - 17*y(m). Let n = -16 - -4. Determine p(n).
-4
Let p(o) = 2*o + 6. Let a(v) = -v**3 - v**2 + v + 4. Let c be a(2). Give p(c).
-6
Let y(t) = t**2 + t + 1. Let r(l) = -l**3 + 2*l + 13. Let j(u) = r(u) - y(u). Let c be 0/1*(9/6 + -2). Give j(c).
12
Let d(r) = -r + 3. Let b be (-3)/(-6)*(-21 + 15). Determine d(b).
6
Let w(t) = -t**2 - 2*t + 1. Let f(v) = -3*v**2 - 14*v + 2. Let h(k) = f(k) - 2*w(k). Give h(-10).
0
Let i(p) = -p**2 - 7*p - 7. Suppose -5*w - 3*s = -0*s - 45, -5*s = 0. Suppose 5*m + 4*z = -13, 0 = -z + 4*z - w. What is i(m)?
3
Let x be 474/790*5/18. Let r(d) be the second derivative of 0 - x*d**3 - 2*d**2 - 6*d. Calculate r(-4).
0
Let v be 1*(-3 + 5)*1. Suppose -16 = 2*i + q, -v*i + 4*q = -i + 26. Let u = i - -14. Let f(z) = -z**3 + 3*z**2 + 6*z - 3. What is f(u)?
5
Suppose 10*y - 4*y - 18 = 0. Suppose 4*o = y*o. Let d(l) = 2 - 5*l - 1 + o. What is d(-1)?
6
Suppose 0 = 4*k - k - 165. Suppose b - 4*u - 8 = 6, -5*u = 5*b + k. Let s(w) be the second derivative of w**3/6 + 9*w**2/2 - 5*w. Give s(b).
3
Suppose 0*y = -14*y - 154. Let d(x) = x**3 + 10*x**2 - 11*x + 3. What is d(y)?
3
Suppose 0 = -2*i - 5*w - 4, -4*i - 15 = -w - 51. Let t(z) = -z + 4. Let r(m) = -m + 4. Let q(h) = 3*r(h) - 2*t(h). Give q(i).
-4
Let n(f) = 7*f - 1. Let t(o) = 10*o - 2. Let m(j) = 4*n(j) - 3*t(j). Determine m(-6).
14
Let f(h) = 5*h + 3 - 7 - 9*h + 3. Determine f(-7).
27
Suppose -s - s + 20 = 0. Suppose -s*z = -14*z + 4. Let x(f) = -2*f**2 - 1 - 3*f + 3*f + 3*f - 2*f. Calculate x(z).
-2
Let a = -1933 + 1939. Let f(b) = b**3 - 6 - 1 - 6*b**2 + 0*b**3 + 4*b. Give f(a).
17
Let u(g) = -2*g**2 - 10. Let a(w) = w**2 - w + 2. Let l(b) = -3*a(b) - u(b). Calculate l(6).
-14
Let g(p) = 2*p - p**2 - p**3 - 1069 + 1069. Give g(-3).
12
Suppose 3*a + 2 = u, 5*u - a + 3*a = 61. Suppose -10*y = -u*y - 7. Let s(n) = n + 7. Determine s(y).
0
Suppose 14 + 6 = 4*h. Let x(s) = 4*s**2 + 5*s - 7. Let f(p) = p - 3 + 2 + 182*p**2 - 372*p**2 + 191*p**2. Let k(m) = h*f(m) - x(m). Determine k(0).
2
Let t(y) = y**3 - 6*y**2 - 3*y + 1. Let u(k) = -k**2 + 11*k - 20. Let h be u(8). Suppose -2*d - 4 = -4*d, 38 = 5*w + h*d. Give t(w).
-17
Suppose -267 = -25*o - 117. Let s(l) be the second derivative of l**3/6 + l**2/2 + 2*l. What is s(o)?
7
Let i(l) = -8*l - 239*l**2 + 240*l**2 - 8 + 3. Determine i(8).
-5
Let p be 7*(-3)/(21 - 0). Let g(q) = -2*q - 1. Calculate g(p).
1
Let l(q) = q**3 - q**2 - 2*q + 1. Let x be (-247)/(-57) + (4/6 - 2). Calculate l(x).
13
Let i = 212 + -213. Let n(t) = 17*t**3 + 1. Give n(i).
-16
Let q(t) be the second derivative of -t**4/12 + 5*t**3/6 + 7*t**2/2 - 257*t. Suppose -b - 4*r + 18 = 0, -b - 3*r + 15 = -0*r. Determine q(b).
1
Let m(x) = -7*x + 20. Suppose -5*z + 88 = 17*z. Give m(z).
-8
Let p(h) = h - 5. Let g = 5 + -17. Let s be 200/35 - g/42. Determine p(s).
1
Let h(c) = -5*c**3 + 8*c**2 + 11*c - 14. Let o(m) = -m**3 + m - 1. Let k(f) = -h(f) + 6*o(f). Suppose 3*j - 22*t = -20*t - 13, -8 = 4*j - 5*t. Determine k(j).
-6
Let d(u) = 105*u - 527. Let g be d(5). Let i(x) = 0*x - x - 1 - 4*x. Give i(g).
9
Let j(d) = 11*d**3 - 4*d**2 + 3*d. Let l(s) = 4*s**3 - s**2 + s. Let m(f) = -2*j(f) + 7*l(f). Determine m(-1).
-6
Let l(c) = -c**3 + 3*c**2 + 2*c. Let s(r) be the first derivative of -r**4/4 - 3*r**3 + 4*r**2 - 22*r + 8. Let x be s(-10). Give l(x).
16
Let x(k) = -k - 1. Let p be x(-5). Suppose h + 3*q + 10 = 0, -2*h - p = 2*h + 3*q. Let c(n) = 8*n + 32*n**3 - 3*n**2 + 2 + h - 33*n**3. Calculate c(-5).
14
Let q(m) be the second derivative of -m**4/12 + m**3/6 + m**2 + 364*m. Determine q(0).
2
Let t(l) = 22*l**3 - 39*l**2 + 54*l + 28. Let m(p) = -5*p**3 + 10*p**2 - 13*p - 7. Let s(x) = 9*m(x) + 2*t(x). Calculate s(11).
15
Let u(z) = -15*z**2 + 2*z - 15. Suppose 0 = -r - r - 3*c - 9, -5*c + 11 = -r. Let i(n) = -7*n**2 + n - 7. Let k(q) = r*u(q) + 13*i(q). Give k(4).
-13
Let b = -89 + 101. Let o(h) = h**3 - 12*h**2 + h - 4. Calculate o(b).
8
Let m(z) = -z**3 + 2*z**2 - 2*z. Suppose -45*o - 36 = -43*o. Let f be 8/((-64)/o) + (-4)/16. What is m(f)?
-4
Let h(q) = q**2 - 12. Let l be (-4)/(-6) + 64/(-24) + 2. Calculate h(l).
-12
Let w(r) = -6*r + 41. Let y(f) = 5*f - 32. Let a(m) = 4*w(m) + 5*y(m). Calculate a(-6).
-2
Let u(n) be the first derivative of -n**4/4 + 11*n**3/3 - 6*n**2 + 9*n + 22. Let j = 45 + -35. What is u(j)?
-11
Let c(n) be the second derivative of -4*n**3/3 + 9*n**2/2 - 28*n + 4. Calculate c(-8).
73
Suppose -5*m - 1 = -2*g, -7*g - 8 = 2*m - 4*g. Let b(x) = -4*x**2 - x + 1. Let h be b(m). Let a(d) = 3*d**2 + 2*d + 1. Determine a(h).
9
Let t(p) = p**2 + 4*p - 30. Suppose 379 - 28 = -39*h. Calculate t(h).
15
Let u = 2 + -1. Let k(g) = -g - 1. Let b(q) = q**3 - 5*q**2 + 7*q + 3. Let n(t) = u*b(t) + 5*k(t). What is n(4)?
-10
Let b(t) = t - 5. Let c = 1 - -1. Suppose -2*p - 10 = 0, c*p - 7 = -3*u + p. Determine b(u).
-1
Let q(k) = k**3 - 3*k**2 - 5*k. Let n be 418/19*(-1)/2. Let y = n - -15. What is q(y)?
-4
Let g(q) = -q**2 - 3*q + 14. Let o be g(-5). Let n(t) = 7*t - 5. Let m(w) = 6*w - 5. Let f(k) = k + 12. Let a be f(-6). Let h(z) = a*m(z) - 5*n(z). Give h(o).
-1
Suppose 3*m - 4*z = 2, -m + 2 + 4 = 4*z. Let u(g) = 2*g**3 - 3*g**2 - g + 2. Give u(m).
4
Let h(n) = -8*n**2 + 4*n - 16*n + 13*n - n**3 + 11. What is h(-8)?
3
Let v(h) be the second derivative of h**4/4 - h**3/3 + h**2 - 271*h. Let n = -3 + -2. Let a = 7 + n. What is v(a)?
10
Let i(u) be the first derivative of -u**5/15 + u**4/12 - u**3/6 - 5*u**2 + 2. Let w(v) be the second derivative of i(v). Give w(1).
-3
Suppose p - 4 = -a, a - 1 + 0 = 0. Suppose 0 = -p*b + 24 - 3. Let c(g) = 3*g - 8. Calculate c(b).
13
Suppose -2*z + 108 + 141 = 3*x, 12 = -4*z. Suppose -5*c = -x + 95. Let v(y) = -2*y**2 + y. Determine v(c).
-10
Suppose 0*s - 4*j - 10 = -2*s, 5*s = -3*j + 12. Let o(w) = s*w + 0*w + 6 + 0*w. Calculate o(-4).
-6
Suppose 3*a + 31 = 5*f, 6*a - a - 2*f + 58 = 0. Let d = 7 + a. Let g(b) be the first derivative of -b**4/4 - 4*b**3/3 + 3*b**2 - 6*b - 2. Calculate g(d).
-11
Let n(f) = -2*f**2 - 5*f + 1 - 3*f + 3*f - 5 + 5. What is n(-3)?
-2
Let v(q) be the second derivative of -q**4/6 + q**3/2 - 3*q**2/2 - q - 64. Let h = -45 - -47. Give v(h).
-5
Let h(s) be the third derivative of s**8/20160 + s**7/1260 + s**5/3 + s**2. Let g(c) be the third derivative of h(c). Determine g(-5).
5
Let l(t) = -t**3 - 6*t**2 - 2*t - 3. Let m be 5/3 - 153/27. Determine l(m).
-27
Suppose 0 = -2*y + 12 - 28. Let